{"id":4382,"date":"2018-04-25T15:45:05","date_gmt":"2018-04-25T13:45:05","guid":{"rendered":"https:\/\/www.aloe-vera-cosmetic.de\/produkt\/set-normale-mischhaut\/"},"modified":"2020-08-19T11:50:56","modified_gmt":"2020-08-19T09:50:56","slug":"set-normale-mischhaut","status":"publish","type":"product","link":"https:\/\/www.aloe-vera-cosmetic.de\/en\/produkt\/set-normale-mischhaut\/","title":{"rendered":"Set | Normal &#038; combination skin |"},"content":{"rendered":"<p><strong>DESCRIPTION<br \/>\n<\/strong>Normal &amp; combination skin<\/p>\n<p>Today more than ever, skin mechanisms are exposed to many factors that threaten skin balance. The skin must withstand internal and external influences and therefore needs support in maintaining its health. The multi active ingredient complex of aloe vera helps to optimise skin protection. The skin is soothed, the moisture supply is maintained, all skin functions are &#8220;trained&#8221;. We offer prophylactic care to maintain the biological balance.<\/p>\n<p style=\"text-align: left;\">Mild <a href=\"https:\/\/www.aloe-vera-cosmetic.de\/produkt\/cleansingfoam\/\"><em>Cleansing Foam<\/em><\/a>, which ently removes impurities from the skin and gives it a clean and fresh appearance. The <a href=\"https:\/\/www.aloe-vera-cosmetic.de\/en\/produkt\/toner-125ml\/\">Toner<\/a> stabilizes he natural acid mantle and prepares the skin for the absorption of active ingredients.<\/p>\n<p>The pure aloe vera <a href=\"https:\/\/www.aloe-vera-cosmetic.de\/produkt\/supergel125ml\/\">Super Gel<\/a> is the active serum for the skin. It gives the skin the moisture it needs. The balancing, soothing Balance-<a href=\"https:\/\/www.aloe-vera-cosmetic.de\/produkt\/charissecreme\/\">Charisse Cream<\/a> is ideal for sensitive and combination skin.<\/p>\n<p>The set includes: <a href=\"https:\/\/www.aloe-vera-cosmetic.de\/produkt\/cleansingfoam\/\">Cleansing Foam 150ml<\/a>, <a href=\"https:\/\/www.aloe-vera-cosmetic.de\/en\/produkt\/toner-125ml\/\">Toner 125ml<\/a>, <a href=\"https:\/\/www.aloe-vera-cosmetic.de\/produkt\/supergel125ml\/\">Super Gel 125ml<\/a>, <a href=\"https:\/\/www.aloe-vera-cosmetic.de\/produkt\/charissecreme\/\">Charisse Cream 50ml<\/a><\/p>\n","protected":false},"excerpt":{"rendered":"<p>Aloe Vera Tratz product set for normal and combination skin.<\/p>\n","protected":false},"featured_media":22839,"comment_status":"open","ping_status":"closed","template":"","meta":{"_acf_changed":false},"product_brand":[],"product_cat":[167],"product_tag":[226],"class_list":{"0":"post-4382","1":"product","2":"type-product","3":"status-publish","4":"has-post-thumbnail","6":"product_cat-produktinfo-aloeveratratz","7":"product_tag-normal-and-mix-skin-en","9":"first","10":"instock","11":"taxable","12":"shipping-taxable","13":"purchasable","14":"product-type-simple","15":"add-to-wishlist-before_add_to_cart"},"acf":[],"yoast_head":"<!-- This site is optimized with the Yoast SEO plugin v27.2 - https:\/\/yoast.com\/product\/yoast-seo-wordpress\/ -->\n<title>Set | Normal &amp; combination skin | - Aloe-Vera Cosmetic Tratz<\/title>\n<meta name=\"description\" content=\"Aloe Vera Tratz Pflegecreme f\u00fcr die Normale- und Mischhaut.Die Haut muss inneren und \u00e4u\u00dferen Einfl\u00fcssen standhalten und braucht deshalb Unterst\u00fctzung.\" \/>\n<meta name=\"robots\" content=\"index, follow, max-snippet:-1, max-image-preview:large, max-video-preview:-1\" \/>\n<link rel=\"canonical\" href=\"https:\/\/www.aloe-vera-cosmetic.de\/en\/produkt\/set-normale-mischhaut\/\" \/>\n<meta property=\"og:locale\" content=\"en_US\" \/>\n<meta property=\"og:type\" content=\"article\" \/>\n<meta property=\"og:title\" content=\"Set | Normal &amp; combination skin | - Aloe-Vera Cosmetic Tratz\" \/>\n<meta property=\"og:description\" content=\"Aloe Vera Tratz Pflegecreme f\u00fcr die Normale- und Mischhaut.Die Haut muss inneren und \u00e4u\u00dferen Einfl\u00fcssen standhalten und braucht deshalb Unterst\u00fctzung.\" \/>\n<meta property=\"og:url\" content=\"https:\/\/www.aloe-vera-cosmetic.de\/en\/produkt\/set-normale-mischhaut\/\" \/>\n<meta property=\"og:site_name\" content=\"Aloe-Vera Cosmetic Tratz\" \/>\n<meta property=\"article:publisher\" content=\"https:\/\/www.facebook.com\/tratzkosmetik\" \/>\n<meta property=\"article:modified_time\" content=\"2020-08-19T09:50:56+00:00\" \/>\n<meta property=\"og:image\" content=\"https:\/\/www.aloe-vera-cosmetic.de\/wp-content\/uploads\/2018\/05\/mix-skin-2.jpg\" \/>\n\t<meta property=\"og:image:width\" content=\"1000\" \/>\n\t<meta property=\"og:image:height\" content=\"1000\" \/>\n\t<meta property=\"og:image:type\" content=\"image\/jpeg\" \/>\n<meta name=\"twitter:card\" content=\"summary_large_image\" \/>\n<meta name=\"twitter:label1\" content=\"Est. reading time\" \/>\n\t<meta name=\"twitter:data1\" content=\"1 minute\" \/>\n<script type=\"application\/ld+json\" class=\"yoast-schema-graph\">{\"@context\":\"https:\/\/schema.org\",\"@graph\":[{\"@type\":\"WebPage\",\"@id\":\"https:\/\/www.aloe-vera-cosmetic.de\/en\/produkt\/set-normale-mischhaut\/\",\"url\":\"https:\/\/www.aloe-vera-cosmetic.de\/en\/produkt\/set-normale-mischhaut\/\",\"name\":\"Set | Normal & combination skin | - Aloe-Vera Cosmetic Tratz\",\"isPartOf\":{\"@id\":\"https:\/\/www.aloe-vera-cosmetic.de\/en\/#website\"},\"primaryImageOfPage\":{\"@id\":\"https:\/\/www.aloe-vera-cosmetic.de\/en\/produkt\/set-normale-mischhaut\/#primaryimage\"},\"image\":{\"@id\":\"https:\/\/www.aloe-vera-cosmetic.de\/en\/produkt\/set-normale-mischhaut\/#primaryimage\"},\"thumbnailUrl\":\"https:\/\/www.aloe-vera-cosmetic.de\/wp-content\/uploads\/2018\/05\/mix-skin-2.jpg\",\"datePublished\":\"2018-04-25T13:45:05+00:00\",\"dateModified\":\"2020-08-19T09:50:56+00:00\",\"description\":\"Aloe Vera Tratz Pflegecreme f\u00fcr die Normale- und Mischhaut.Die Haut muss inneren und \u00e4u\u00dferen Einfl\u00fcssen standhalten und braucht deshalb Unterst\u00fctzung.\",\"breadcrumb\":{\"@id\":\"https:\/\/www.aloe-vera-cosmetic.de\/en\/produkt\/set-normale-mischhaut\/#breadcrumb\"},\"inLanguage\":\"en-US\",\"potentialAction\":[{\"@type\":\"ReadAction\",\"target\":[\"https:\/\/www.aloe-vera-cosmetic.de\/en\/produkt\/set-normale-mischhaut\/\"]}]},{\"@type\":\"ImageObject\",\"inLanguage\":\"en-US\",\"@id\":\"https:\/\/www.aloe-vera-cosmetic.de\/en\/produkt\/set-normale-mischhaut\/#primaryimage\",\"url\":\"https:\/\/www.aloe-vera-cosmetic.de\/wp-content\/uploads\/2018\/05\/mix-skin-2.jpg\",\"contentUrl\":\"https:\/\/www.aloe-vera-cosmetic.de\/wp-content\/uploads\/2018\/05\/mix-skin-2.jpg\",\"width\":1000,\"height\":1000,\"caption\":\"Normale Haut & Mischhaut\"},{\"@type\":\"BreadcrumbList\",\"@id\":\"https:\/\/www.aloe-vera-cosmetic.de\/en\/produkt\/set-normale-mischhaut\/#breadcrumb\",\"itemListElement\":[{\"@type\":\"ListItem\",\"position\":1,\"name\":\"Startseite\",\"item\":\"https:\/\/www.aloe-vera-cosmetic.de\/en\/\"},{\"@type\":\"ListItem\",\"position\":2,\"name\":\"Shop\",\"item\":\"https:\/\/www.aloe-vera-cosmetic.de\/shop\/\"},{\"@type\":\"ListItem\",\"position\":3,\"name\":\"Set | Normal &#038; combination skin |\"}]},{\"@type\":\"WebSite\",\"@id\":\"https:\/\/www.aloe-vera-cosmetic.de\/en\/#website\",\"url\":\"https:\/\/www.aloe-vera-cosmetic.de\/en\/\",\"name\":\"Aloe Vera Tratz\",\"description\":\"Kosmetik mit Pers\u00f6nlichkeit\",\"potentialAction\":[{\"@type\":\"SearchAction\",\"target\":{\"@type\":\"EntryPoint\",\"urlTemplate\":\"https:\/\/www.aloe-vera-cosmetic.de\/en\/?s={search_term_string}\"},\"query-input\":{\"@type\":\"PropertyValueSpecification\",\"valueRequired\":true,\"valueName\":\"search_term_string\"}}],\"inLanguage\":\"en-US\"}]}<\/script>\n<!-- \/ Yoast SEO plugin. -->","yoast_head_json":{"title":"Set | Normal & combination skin | - Aloe-Vera Cosmetic Tratz","description":"Aloe Vera Tratz Pflegecreme f\u00fcr die Normale- und Mischhaut.Die Haut muss inneren und \u00e4u\u00dferen Einfl\u00fcssen standhalten und braucht deshalb Unterst\u00fctzung.","robots":{"index":"index","follow":"follow","max-snippet":"max-snippet:-1","max-image-preview":"max-image-preview:large","max-video-preview":"max-video-preview:-1"},"canonical":"https:\/\/www.aloe-vera-cosmetic.de\/en\/produkt\/set-normale-mischhaut\/","og_locale":"en_US","og_type":"article","og_title":"Set | Normal & combination skin | - Aloe-Vera Cosmetic Tratz","og_description":"Aloe Vera Tratz Pflegecreme f\u00fcr die Normale- und Mischhaut.Die Haut muss inneren und \u00e4u\u00dferen Einfl\u00fcssen standhalten und braucht deshalb Unterst\u00fctzung.","og_url":"https:\/\/www.aloe-vera-cosmetic.de\/en\/produkt\/set-normale-mischhaut\/","og_site_name":"Aloe-Vera Cosmetic Tratz","article_publisher":"https:\/\/www.facebook.com\/tratzkosmetik","article_modified_time":"2020-08-19T09:50:56+00:00","og_image":[{"width":1000,"height":1000,"url":"https:\/\/www.aloe-vera-cosmetic.de\/wp-content\/uploads\/2018\/05\/mix-skin-2.jpg","type":"image\/jpeg"}],"twitter_card":"summary_large_image","twitter_misc":{"Est. reading time":"1 minute"},"schema":{"@context":"https:\/\/schema.org","@graph":[{"@type":"WebPage","@id":"https:\/\/www.aloe-vera-cosmetic.de\/en\/produkt\/set-normale-mischhaut\/","url":"https:\/\/www.aloe-vera-cosmetic.de\/en\/produkt\/set-normale-mischhaut\/","name":"Set | Normal & combination skin | - Aloe-Vera Cosmetic Tratz","isPartOf":{"@id":"https:\/\/www.aloe-vera-cosmetic.de\/en\/#website"},"primaryImageOfPage":{"@id":"https:\/\/www.aloe-vera-cosmetic.de\/en\/produkt\/set-normale-mischhaut\/#primaryimage"},"image":{"@id":"https:\/\/www.aloe-vera-cosmetic.de\/en\/produkt\/set-normale-mischhaut\/#primaryimage"},"thumbnailUrl":"https:\/\/www.aloe-vera-cosmetic.de\/wp-content\/uploads\/2018\/05\/mix-skin-2.jpg","datePublished":"2018-04-25T13:45:05+00:00","dateModified":"2020-08-19T09:50:56+00:00","description":"Aloe Vera Tratz Pflegecreme f\u00fcr die Normale- und Mischhaut.Die Haut muss inneren und \u00e4u\u00dferen Einfl\u00fcssen standhalten und braucht deshalb Unterst\u00fctzung.","breadcrumb":{"@id":"https:\/\/www.aloe-vera-cosmetic.de\/en\/produkt\/set-normale-mischhaut\/#breadcrumb"},"inLanguage":"en-US","potentialAction":[{"@type":"ReadAction","target":["https:\/\/www.aloe-vera-cosmetic.de\/en\/produkt\/set-normale-mischhaut\/"]}]},{"@type":"ImageObject","inLanguage":"en-US","@id":"https:\/\/www.aloe-vera-cosmetic.de\/en\/produkt\/set-normale-mischhaut\/#primaryimage","url":"https:\/\/www.aloe-vera-cosmetic.de\/wp-content\/uploads\/2018\/05\/mix-skin-2.jpg","contentUrl":"https:\/\/www.aloe-vera-cosmetic.de\/wp-content\/uploads\/2018\/05\/mix-skin-2.jpg","width":1000,"height":1000,"caption":"Normale Haut & Mischhaut"},{"@type":"BreadcrumbList","@id":"https:\/\/www.aloe-vera-cosmetic.de\/en\/produkt\/set-normale-mischhaut\/#breadcrumb","itemListElement":[{"@type":"ListItem","position":1,"name":"Startseite","item":"https:\/\/www.aloe-vera-cosmetic.de\/en\/"},{"@type":"ListItem","position":2,"name":"Shop","item":"https:\/\/www.aloe-vera-cosmetic.de\/shop\/"},{"@type":"ListItem","position":3,"name":"Set | Normal &#038; combination skin |"}]},{"@type":"WebSite","@id":"https:\/\/www.aloe-vera-cosmetic.de\/en\/#website","url":"https:\/\/www.aloe-vera-cosmetic.de\/en\/","name":"Aloe Vera Tratz","description":"Kosmetik mit Pers\u00f6nlichkeit","potentialAction":[{"@type":"SearchAction","target":{"@type":"EntryPoint","urlTemplate":"https:\/\/www.aloe-vera-cosmetic.de\/en\/?s={search_term_string}"},"query-input":{"@type":"PropertyValueSpecification","valueRequired":true,"valueName":"search_term_string"}}],"inLanguage":"en-US"}]}},"_links":{"self":[{"href":"https:\/\/www.aloe-vera-cosmetic.de\/en\/wp-json\/wp\/v2\/product\/4382","targetHints":{"allow":["GET"]}}],"collection":[{"href":"https:\/\/www.aloe-vera-cosmetic.de\/en\/wp-json\/wp\/v2\/product"}],"about":[{"href":"https:\/\/www.aloe-vera-cosmetic.de\/en\/wp-json\/wp\/v2\/types\/product"}],"replies":[{"embeddable":true,"href":"https:\/\/www.aloe-vera-cosmetic.de\/en\/wp-json\/wp\/v2\/comments?post=4382"}],"version-history":[{"count":1,"href":"https:\/\/www.aloe-vera-cosmetic.de\/en\/wp-json\/wp\/v2\/product\/4382\/revisions"}],"predecessor-version":[{"id":4514,"href":"https:\/\/www.aloe-vera-cosmetic.de\/en\/wp-json\/wp\/v2\/product\/4382\/revisions\/4514"}],"wp:featuredmedia":[{"embeddable":true,"href":"https:\/\/www.aloe-vera-cosmetic.de\/en\/wp-json\/wp\/v2\/media\/22839"}],"wp:attachment":[{"href":"https:\/\/www.aloe-vera-cosmetic.de\/en\/wp-json\/wp\/v2\/media?parent=4382"}],"wp:term":[{"taxonomy":"product_brand","embeddable":true,"href":"https:\/\/www.aloe-vera-cosmetic.de\/en\/wp-json\/wp\/v2\/product_brand?post=4382"},{"taxonomy":"product_cat","embeddable":true,"href":"https:\/\/www.aloe-vera-cosmetic.de\/en\/wp-json\/wp\/v2\/product_cat?post=4382"},{"taxonomy":"product_tag","embeddable":true,"href":"https:\/\/www.aloe-vera-cosmetic.de\/en\/wp-json\/wp\/v2\/product_tag?post=4382"}],"curies":[{"name":"wp","href":"https:\/\/api.w.org\/{rel}","templated":true}]}}

<!-- This site is optimized with the Yoast SEO plugin v27.2 - https://yoast.com/product/yoast-seo-wordpress/ -->
<title>Set | Normal &amp; combination skin | - Aloe-Vera Cosmetic Tratz</title>
<meta name="description" content="Aloe Vera Tratz Pflegecreme für die Normale- und Mischhaut.Die Haut muss inneren und äußeren Einflüssen standhalten und braucht deshalb Unterstützung." />
<meta name="robots" content="index, follow, max-snippet:-1, max-image-preview:large, max-video-preview:-1" />
<link rel="canonical" href="https://www.aloe-vera-cosmetic.de/en/produkt/set-normale-mischhaut/" />
<meta property="og:locale" content="en_US" />
<meta property="og:type" content="article" />
<meta property="og:title" content="Set | Normal &amp; combination skin | - Aloe-Vera Cosmetic Tratz" />
<meta property="og:description" content="Aloe Vera Tratz Pflegecreme für die Normale- und Mischhaut.Die Haut muss inneren und äußeren Einflüssen standhalten und braucht deshalb Unterstützung." />
<meta property="og:url" content="https://www.aloe-vera-cosmetic.de/en/produkt/set-normale-mischhaut/" />
<meta property="og:site_name" content="Aloe-Vera Cosmetic Tratz" />
<meta property="article:publisher" content="https://www.facebook.com/tratzkosmetik" />
<meta property="article:modified_time" content="2020-08-19T09:50:56+00:00" />
<meta property="og:image" content="https://www.aloe-vera-cosmetic.de/wp-content/uploads/2018/05/mix-skin-2.jpg" />
	<meta property="og:image:width" content="1000" />
	<meta property="og:image:height" content="1000" />
	<meta property="og:image:type" content="image/jpeg" />
<meta name="twitter:card" content="summary_large_image" />
<meta name="twitter:label1" content="Est. reading time" />
	<meta name="twitter:data1" content="1 minute" />
<script type="application/ld+json" class="yoast-schema-graph">{"@context":"https://schema.org","@graph":[{"@type":"WebPage","@id":"https://www.aloe-vera-cosmetic.de/en/produkt/set-normale-mischhaut/","url":"https://www.aloe-vera-cosmetic.de/en/produkt/set-normale-mischhaut/","name":"Set | Normal & combination skin | - Aloe-Vera Cosmetic Tratz","isPartOf":{"@id":"https://www.aloe-vera-cosmetic.de/en/#website"},"primaryImageOfPage":{"@id":"https://www.aloe-vera-cosmetic.de/en/produkt/set-normale-mischhaut/#primaryimage"},"image":{"@id":"https://www.aloe-vera-cosmetic.de/en/produkt/set-normale-mischhaut/#primaryimage"},"thumbnailUrl":"https://www.aloe-vera-cosmetic.de/wp-content/uploads/2018/05/mix-skin-2.jpg","datePublished":"2018-04-25T13:45:05+00:00","dateModified":"2020-08-19T09:50:56+00:00","description":"Aloe Vera Tratz Pflegecreme für die Normale- und Mischhaut.Die Haut muss inneren und äußeren Einflüssen standhalten und braucht deshalb Unterstützung.","breadcrumb":{"@id":"https://www.aloe-vera-cosmetic.de/en/produkt/set-normale-mischhaut/#breadcrumb"},"inLanguage":"en-US","potentialAction":[{"@type":"ReadAction","target":["https://www.aloe-vera-cosmetic.de/en/produkt/set-normale-mischhaut/"]}]},{"@type":"ImageObject","inLanguage":"en-US","@id":"https://www.aloe-vera-cosmetic.de/en/produkt/set-normale-mischhaut/#primaryimage","url":"https://www.aloe-vera-cosmetic.de/wp-content/uploads/2018/05/mix-skin-2.jpg","contentUrl":"https://www.aloe-vera-cosmetic.de/wp-content/uploads/2018/05/mix-skin-2.jpg","width":1000,"height":1000,"caption":"Normale Haut & Mischhaut"},{"@type":"BreadcrumbList","@id":"https://www.aloe-vera-cosmetic.de/en/produkt/set-normale-mischhaut/#breadcrumb","itemListElement":[{"@type":"ListItem","position":1,"name":"Startseite","item":"https://www.aloe-vera-cosmetic.de/en/"},{"@type":"ListItem","position":2,"name":"Shop","item":"https://www.aloe-vera-cosmetic.de/shop/"},{"@type":"ListItem","position":3,"name":"Set | Normal &#038; combination skin |"}]},{"@type":"WebSite","@id":"https://www.aloe-vera-cosmetic.de/en/#website","url":"https://www.aloe-vera-cosmetic.de/en/","name":"Aloe Vera Tratz","description":"Kosmetik mit Persönlichkeit","potentialAction":[{"@type":"SearchAction","target":{"@type":"EntryPoint","urlTemplate":"https://www.aloe-vera-cosmetic.de/en/?s={search_term_string}"},"query-input":{"@type":"PropertyValueSpecification","valueRequired":true,"valueName":"search_term_string"}}],"inLanguage":"en-US"}]}</script>
<!-- / Yoast SEO plugin. -->

Aloe Vera Tratz Pflegecreme für die Normale- und Mischhaut.Die Haut muss inneren und äußeren Einflüssen standhalten und braucht deshalb Unterstützung.

Kosmetik mit Persönlichkeit
