{"id":4368,"date":"2018-07-16T12:19:48","date_gmt":"2018-07-16T10:19:48","guid":{"rendered":"https:\/\/www.aloe-vera-cosmetic.de\/produkt\/couperose-gel-30ml\/"},"modified":"2025-01-09T10:54:57","modified_gmt":"2025-01-09T09:54:57","slug":"couperose-gel-15ml","status":"publish","type":"product","link":"https:\/\/www.aloe-vera-cosmetic.de\/en\/produkt\/couperose-gel-15ml\/","title":{"rendered":"The decongestive | Couperose Gel 15ml | Calm &#038; Reflow"},"content":{"rendered":"<p><strong>DESCRIPTION<br \/>\n<\/strong>Soothing special gel<\/p>\n<p>The fat-free special care gel protects and strengthens irritated skin with a tendency to redness and a cooling effect.<\/p>\n<p>A natural and effective combination of vasoconstricting plant extracts, such as guarana climbing shrub and horse chestnut, reduce the permeability of the blood capillaries, promote the stability of the vessels and thus make dilated veins paler. A high proportion of Aloe Vera Gel provides moisture.<\/p>\n<p>In addition, the gel contains the special active ingredients caffeine and carnitine. These are very blood circulation-promoting and tightening. Therefore, our special gel is also preventive against cellulite.<\/p>\n<ul>\n<li>Caffeine and algae strengthen the blood vessels<\/li>\n<li>The willingness to couperose is alleviated<\/li>\n<\/ul>\n<p>&nbsp;<\/p>\n<p><strong>APPLICATION<br \/>\n<\/strong>Apply the <em>Couperose Gel<\/em> after the gentle cleansing in the morning and evening before the active ingredient cream on the respective problem zones.<\/p>\n<p><strong>TIP<br \/>\n<\/strong>We recommend <a href=\"https:\/\/www.aloe-vera-cosmetic.de\/produkt\/the-sensitive-sensitive-plus-cream-50ml-supreme-moist\/?lang=en\"><em>Aloe Vera Sensitiv Plus Cream<\/em><\/a> afterwards.<\/p>\n<p><strong>MAIN ACITVE INGREDIENT<br \/>\n<\/strong>ACTIVE ALOE &amp; GUARANA<\/p>\n<p><a href=\"https:\/\/www.aloe-vera-cosmetic.de\/wp-content\/uploads\/2019\/08\/Icon_activealoe.png\"><img decoding=\"async\" class=\"alignnone wp-image-8316\" title=\"Active Aloe Vera\" src=\"https:\/\/www.aloe-vera-cosmetic.de\/wp-content\/uploads\/2019\/08\/Icon_activealoe.png\" alt=\"\" width=\"75\" height=\"75\" \/><\/a><\/p>\n<p><em><strong>This product is suitable for vegans!<\/strong><\/em><\/p>\n","protected":false},"excerpt":{"rendered":"<p>Our soothing special gel against enlarged veins and cellulite.<\/p>\n","protected":false},"featured_media":29374,"comment_status":"open","ping_status":"closed","template":"","meta":{"_acf_changed":false},"product_brand":[],"product_cat":[167],"product_tag":[249,253,226,251,250,233],"class_list":{"0":"post-4368","1":"product","2":"type-product","3":"status-publish","4":"has-post-thumbnail","6":"product_cat-produktinfo-aloeveratratz","7":"product_tag-cellulite-en","8":"product_tag-couperose-en","9":"product_tag-normal-and-mix-skin-en","10":"product_tag-sensitive-skin-en-en","11":"product_tag-skin-care-en","12":"product_tag-special-care-en","14":"first","15":"instock","16":"taxable","17":"shipping-taxable","18":"purchasable","19":"product-type-simple","20":"add-to-wishlist-before_add_to_cart"},"acf":[],"yoast_head":"<!-- This site is optimized with the Yoast SEO plugin v27.2 - https:\/\/yoast.com\/product\/yoast-seo-wordpress\/ -->\n<title>The decongestive | Couperose Gel 15ml | Calm &amp; Reflow - Aloe-Vera Cosmetic Tratz<\/title>\n<meta name=\"description\" content=\"Das Aloe Vera Tratz Couperose Gel belebt und erfrischt die Haut.Das fettfreie Spezialgel sch\u00fctzt und st\u00e4rkt irritierte, zu R\u00f6tungen neigende Haut.\" \/>\n<meta name=\"robots\" content=\"index, follow, max-snippet:-1, max-image-preview:large, max-video-preview:-1\" \/>\n<link rel=\"canonical\" href=\"https:\/\/www.aloe-vera-cosmetic.de\/en\/produkt\/couperose-gel-15ml\/\" \/>\n<meta property=\"og:locale\" content=\"en_US\" \/>\n<meta property=\"og:type\" content=\"article\" \/>\n<meta property=\"og:title\" content=\"The decongestive | Couperose Gel 15ml | Calm &amp; Reflow - Aloe-Vera Cosmetic Tratz\" \/>\n<meta property=\"og:description\" content=\"Das Aloe Vera Tratz Couperose Gel belebt und erfrischt die Haut.Das fettfreie Spezialgel sch\u00fctzt und st\u00e4rkt irritierte, zu R\u00f6tungen neigende Haut.\" \/>\n<meta property=\"og:url\" content=\"https:\/\/www.aloe-vera-cosmetic.de\/en\/produkt\/couperose-gel-15ml\/\" \/>\n<meta property=\"og:site_name\" content=\"Aloe-Vera Cosmetic Tratz\" \/>\n<meta property=\"article:publisher\" content=\"https:\/\/www.facebook.com\/tratzkosmetik\" \/>\n<meta property=\"article:modified_time\" content=\"2025-01-09T09:54:57+00:00\" \/>\n<meta property=\"og:image\" content=\"https:\/\/www.aloe-vera-cosmetic.de\/wp-content\/uploads\/2015\/12\/2-couperose-new-23.jpg\" \/>\n\t<meta property=\"og:image:width\" content=\"1000\" \/>\n\t<meta property=\"og:image:height\" content=\"1000\" \/>\n\t<meta property=\"og:image:type\" content=\"image\/jpeg\" \/>\n<meta name=\"twitter:card\" content=\"summary_large_image\" \/>\n<meta name=\"twitter:label1\" content=\"Est. reading time\" \/>\n\t<meta name=\"twitter:data1\" content=\"2 minutes\" \/>\n<script type=\"application\/ld+json\" class=\"yoast-schema-graph\">{\"@context\":\"https:\/\/schema.org\",\"@graph\":[{\"@type\":\"WebPage\",\"@id\":\"https:\/\/www.aloe-vera-cosmetic.de\/en\/produkt\/couperose-gel-15ml\/\",\"url\":\"https:\/\/www.aloe-vera-cosmetic.de\/en\/produkt\/couperose-gel-15ml\/\",\"name\":\"The decongestive | Couperose Gel 15ml | Calm & Reflow - Aloe-Vera Cosmetic Tratz\",\"isPartOf\":{\"@id\":\"https:\/\/www.aloe-vera-cosmetic.de\/en\/#website\"},\"primaryImageOfPage\":{\"@id\":\"https:\/\/www.aloe-vera-cosmetic.de\/en\/produkt\/couperose-gel-15ml\/#primaryimage\"},\"image\":{\"@id\":\"https:\/\/www.aloe-vera-cosmetic.de\/en\/produkt\/couperose-gel-15ml\/#primaryimage\"},\"thumbnailUrl\":\"https:\/\/www.aloe-vera-cosmetic.de\/wp-content\/uploads\/2015\/12\/2-couperose-new-23.jpg\",\"datePublished\":\"2018-07-16T10:19:48+00:00\",\"dateModified\":\"2025-01-09T09:54:57+00:00\",\"description\":\"Das Aloe Vera Tratz Couperose Gel belebt und erfrischt die Haut.Das fettfreie Spezialgel sch\u00fctzt und st\u00e4rkt irritierte, zu R\u00f6tungen neigende Haut.\",\"breadcrumb\":{\"@id\":\"https:\/\/www.aloe-vera-cosmetic.de\/en\/produkt\/couperose-gel-15ml\/#breadcrumb\"},\"inLanguage\":\"en-US\",\"potentialAction\":[{\"@type\":\"ReadAction\",\"target\":[\"https:\/\/www.aloe-vera-cosmetic.de\/en\/produkt\/couperose-gel-15ml\/\"]}]},{\"@type\":\"ImageObject\",\"inLanguage\":\"en-US\",\"@id\":\"https:\/\/www.aloe-vera-cosmetic.de\/en\/produkt\/couperose-gel-15ml\/#primaryimage\",\"url\":\"https:\/\/www.aloe-vera-cosmetic.de\/wp-content\/uploads\/2015\/12\/2-couperose-new-23.jpg\",\"contentUrl\":\"https:\/\/www.aloe-vera-cosmetic.de\/wp-content\/uploads\/2015\/12\/2-couperose-new-23.jpg\",\"width\":1000,\"height\":1000,\"caption\":\"Couperose Gel\"},{\"@type\":\"BreadcrumbList\",\"@id\":\"https:\/\/www.aloe-vera-cosmetic.de\/en\/produkt\/couperose-gel-15ml\/#breadcrumb\",\"itemListElement\":[{\"@type\":\"ListItem\",\"position\":1,\"name\":\"Startseite\",\"item\":\"https:\/\/www.aloe-vera-cosmetic.de\/en\/\"},{\"@type\":\"ListItem\",\"position\":2,\"name\":\"Shop\",\"item\":\"https:\/\/www.aloe-vera-cosmetic.de\/shop\/\"},{\"@type\":\"ListItem\",\"position\":3,\"name\":\"The decongestive | Couperose Gel 15ml | Calm &#038; Reflow\"}]},{\"@type\":\"WebSite\",\"@id\":\"https:\/\/www.aloe-vera-cosmetic.de\/en\/#website\",\"url\":\"https:\/\/www.aloe-vera-cosmetic.de\/en\/\",\"name\":\"Aloe Vera Tratz\",\"description\":\"Kosmetik mit Pers\u00f6nlichkeit\",\"potentialAction\":[{\"@type\":\"SearchAction\",\"target\":{\"@type\":\"EntryPoint\",\"urlTemplate\":\"https:\/\/www.aloe-vera-cosmetic.de\/en\/?s={search_term_string}\"},\"query-input\":{\"@type\":\"PropertyValueSpecification\",\"valueRequired\":true,\"valueName\":\"search_term_string\"}}],\"inLanguage\":\"en-US\"}]}<\/script>\n<!-- \/ Yoast SEO plugin. -->","yoast_head_json":{"title":"The decongestive | Couperose Gel 15ml | Calm & Reflow - Aloe-Vera Cosmetic Tratz","description":"Das Aloe Vera Tratz Couperose Gel belebt und erfrischt die Haut.Das fettfreie Spezialgel sch\u00fctzt und st\u00e4rkt irritierte, zu R\u00f6tungen neigende Haut.","robots":{"index":"index","follow":"follow","max-snippet":"max-snippet:-1","max-image-preview":"max-image-preview:large","max-video-preview":"max-video-preview:-1"},"canonical":"https:\/\/www.aloe-vera-cosmetic.de\/en\/produkt\/couperose-gel-15ml\/","og_locale":"en_US","og_type":"article","og_title":"The decongestive | Couperose Gel 15ml | Calm & Reflow - Aloe-Vera Cosmetic Tratz","og_description":"Das Aloe Vera Tratz Couperose Gel belebt und erfrischt die Haut.Das fettfreie Spezialgel sch\u00fctzt und st\u00e4rkt irritierte, zu R\u00f6tungen neigende Haut.","og_url":"https:\/\/www.aloe-vera-cosmetic.de\/en\/produkt\/couperose-gel-15ml\/","og_site_name":"Aloe-Vera Cosmetic Tratz","article_publisher":"https:\/\/www.facebook.com\/tratzkosmetik","article_modified_time":"2025-01-09T09:54:57+00:00","og_image":[{"width":1000,"height":1000,"url":"https:\/\/www.aloe-vera-cosmetic.de\/wp-content\/uploads\/2015\/12\/2-couperose-new-23.jpg","type":"image\/jpeg"}],"twitter_card":"summary_large_image","twitter_misc":{"Est. reading time":"2 minutes"},"schema":{"@context":"https:\/\/schema.org","@graph":[{"@type":"WebPage","@id":"https:\/\/www.aloe-vera-cosmetic.de\/en\/produkt\/couperose-gel-15ml\/","url":"https:\/\/www.aloe-vera-cosmetic.de\/en\/produkt\/couperose-gel-15ml\/","name":"The decongestive | Couperose Gel 15ml | Calm & Reflow - Aloe-Vera Cosmetic Tratz","isPartOf":{"@id":"https:\/\/www.aloe-vera-cosmetic.de\/en\/#website"},"primaryImageOfPage":{"@id":"https:\/\/www.aloe-vera-cosmetic.de\/en\/produkt\/couperose-gel-15ml\/#primaryimage"},"image":{"@id":"https:\/\/www.aloe-vera-cosmetic.de\/en\/produkt\/couperose-gel-15ml\/#primaryimage"},"thumbnailUrl":"https:\/\/www.aloe-vera-cosmetic.de\/wp-content\/uploads\/2015\/12\/2-couperose-new-23.jpg","datePublished":"2018-07-16T10:19:48+00:00","dateModified":"2025-01-09T09:54:57+00:00","description":"Das Aloe Vera Tratz Couperose Gel belebt und erfrischt die Haut.Das fettfreie Spezialgel sch\u00fctzt und st\u00e4rkt irritierte, zu R\u00f6tungen neigende Haut.","breadcrumb":{"@id":"https:\/\/www.aloe-vera-cosmetic.de\/en\/produkt\/couperose-gel-15ml\/#breadcrumb"},"inLanguage":"en-US","potentialAction":[{"@type":"ReadAction","target":["https:\/\/www.aloe-vera-cosmetic.de\/en\/produkt\/couperose-gel-15ml\/"]}]},{"@type":"ImageObject","inLanguage":"en-US","@id":"https:\/\/www.aloe-vera-cosmetic.de\/en\/produkt\/couperose-gel-15ml\/#primaryimage","url":"https:\/\/www.aloe-vera-cosmetic.de\/wp-content\/uploads\/2015\/12\/2-couperose-new-23.jpg","contentUrl":"https:\/\/www.aloe-vera-cosmetic.de\/wp-content\/uploads\/2015\/12\/2-couperose-new-23.jpg","width":1000,"height":1000,"caption":"Couperose Gel"},{"@type":"BreadcrumbList","@id":"https:\/\/www.aloe-vera-cosmetic.de\/en\/produkt\/couperose-gel-15ml\/#breadcrumb","itemListElement":[{"@type":"ListItem","position":1,"name":"Startseite","item":"https:\/\/www.aloe-vera-cosmetic.de\/en\/"},{"@type":"ListItem","position":2,"name":"Shop","item":"https:\/\/www.aloe-vera-cosmetic.de\/shop\/"},{"@type":"ListItem","position":3,"name":"The decongestive | Couperose Gel 15ml | Calm &#038; Reflow"}]},{"@type":"WebSite","@id":"https:\/\/www.aloe-vera-cosmetic.de\/en\/#website","url":"https:\/\/www.aloe-vera-cosmetic.de\/en\/","name":"Aloe Vera Tratz","description":"Kosmetik mit Pers\u00f6nlichkeit","potentialAction":[{"@type":"SearchAction","target":{"@type":"EntryPoint","urlTemplate":"https:\/\/www.aloe-vera-cosmetic.de\/en\/?s={search_term_string}"},"query-input":{"@type":"PropertyValueSpecification","valueRequired":true,"valueName":"search_term_string"}}],"inLanguage":"en-US"}]}},"_links":{"self":[{"href":"https:\/\/www.aloe-vera-cosmetic.de\/en\/wp-json\/wp\/v2\/product\/4368","targetHints":{"allow":["GET"]}}],"collection":[{"href":"https:\/\/www.aloe-vera-cosmetic.de\/en\/wp-json\/wp\/v2\/product"}],"about":[{"href":"https:\/\/www.aloe-vera-cosmetic.de\/en\/wp-json\/wp\/v2\/types\/product"}],"replies":[{"embeddable":true,"href":"https:\/\/www.aloe-vera-cosmetic.de\/en\/wp-json\/wp\/v2\/comments?post=4368"}],"version-history":[{"count":2,"href":"https:\/\/www.aloe-vera-cosmetic.de\/en\/wp-json\/wp\/v2\/product\/4368\/revisions"}],"predecessor-version":[{"id":34555,"href":"https:\/\/www.aloe-vera-cosmetic.de\/en\/wp-json\/wp\/v2\/product\/4368\/revisions\/34555"}],"wp:featuredmedia":[{"embeddable":true,"href":"https:\/\/www.aloe-vera-cosmetic.de\/en\/wp-json\/wp\/v2\/media\/29374"}],"wp:attachment":[{"href":"https:\/\/www.aloe-vera-cosmetic.de\/en\/wp-json\/wp\/v2\/media?parent=4368"}],"wp:term":[{"taxonomy":"product_brand","embeddable":true,"href":"https:\/\/www.aloe-vera-cosmetic.de\/en\/wp-json\/wp\/v2\/product_brand?post=4368"},{"taxonomy":"product_cat","embeddable":true,"href":"https:\/\/www.aloe-vera-cosmetic.de\/en\/wp-json\/wp\/v2\/product_cat?post=4368"},{"taxonomy":"product_tag","embeddable":true,"href":"https:\/\/www.aloe-vera-cosmetic.de\/en\/wp-json\/wp\/v2\/product_tag?post=4368"}],"curies":[{"name":"wp","href":"https:\/\/api.w.org\/{rel}","templated":true}]}}

<!-- This site is optimized with the Yoast SEO plugin v27.2 - https://yoast.com/product/yoast-seo-wordpress/ -->
<title>The decongestive | Couperose Gel 15ml | Calm &amp; Reflow - Aloe-Vera Cosmetic Tratz</title>
<meta name="description" content="Das Aloe Vera Tratz Couperose Gel belebt und erfrischt die Haut.Das fettfreie Spezialgel schützt und stärkt irritierte, zu Rötungen neigende Haut." />
<meta name="robots" content="index, follow, max-snippet:-1, max-image-preview:large, max-video-preview:-1" />
<link rel="canonical" href="https://www.aloe-vera-cosmetic.de/en/produkt/couperose-gel-15ml/" />
<meta property="og:locale" content="en_US" />
<meta property="og:type" content="article" />
<meta property="og:title" content="The decongestive | Couperose Gel 15ml | Calm &amp; Reflow - Aloe-Vera Cosmetic Tratz" />
<meta property="og:description" content="Das Aloe Vera Tratz Couperose Gel belebt und erfrischt die Haut.Das fettfreie Spezialgel schützt und stärkt irritierte, zu Rötungen neigende Haut." />
<meta property="og:url" content="https://www.aloe-vera-cosmetic.de/en/produkt/couperose-gel-15ml/" />
<meta property="og:site_name" content="Aloe-Vera Cosmetic Tratz" />
<meta property="article:publisher" content="https://www.facebook.com/tratzkosmetik" />
<meta property="article:modified_time" content="2025-01-09T09:54:57+00:00" />
<meta property="og:image" content="https://www.aloe-vera-cosmetic.de/wp-content/uploads/2015/12/2-couperose-new-23.jpg" />
	<meta property="og:image:width" content="1000" />
	<meta property="og:image:height" content="1000" />
	<meta property="og:image:type" content="image/jpeg" />
<meta name="twitter:card" content="summary_large_image" />
<meta name="twitter:label1" content="Est. reading time" />
	<meta name="twitter:data1" content="2 minutes" />
<script type="application/ld+json" class="yoast-schema-graph">{"@context":"https://schema.org","@graph":[{"@type":"WebPage","@id":"https://www.aloe-vera-cosmetic.de/en/produkt/couperose-gel-15ml/","url":"https://www.aloe-vera-cosmetic.de/en/produkt/couperose-gel-15ml/","name":"The decongestive | Couperose Gel 15ml | Calm & Reflow - Aloe-Vera Cosmetic Tratz","isPartOf":{"@id":"https://www.aloe-vera-cosmetic.de/en/#website"},"primaryImageOfPage":{"@id":"https://www.aloe-vera-cosmetic.de/en/produkt/couperose-gel-15ml/#primaryimage"},"image":{"@id":"https://www.aloe-vera-cosmetic.de/en/produkt/couperose-gel-15ml/#primaryimage"},"thumbnailUrl":"https://www.aloe-vera-cosmetic.de/wp-content/uploads/2015/12/2-couperose-new-23.jpg","datePublished":"2018-07-16T10:19:48+00:00","dateModified":"2025-01-09T09:54:57+00:00","description":"Das Aloe Vera Tratz Couperose Gel belebt und erfrischt die Haut.Das fettfreie Spezialgel schützt und stärkt irritierte, zu Rötungen neigende Haut.","breadcrumb":{"@id":"https://www.aloe-vera-cosmetic.de/en/produkt/couperose-gel-15ml/#breadcrumb"},"inLanguage":"en-US","potentialAction":[{"@type":"ReadAction","target":["https://www.aloe-vera-cosmetic.de/en/produkt/couperose-gel-15ml/"]}]},{"@type":"ImageObject","inLanguage":"en-US","@id":"https://www.aloe-vera-cosmetic.de/en/produkt/couperose-gel-15ml/#primaryimage","url":"https://www.aloe-vera-cosmetic.de/wp-content/uploads/2015/12/2-couperose-new-23.jpg","contentUrl":"https://www.aloe-vera-cosmetic.de/wp-content/uploads/2015/12/2-couperose-new-23.jpg","width":1000,"height":1000,"caption":"Couperose Gel"},{"@type":"BreadcrumbList","@id":"https://www.aloe-vera-cosmetic.de/en/produkt/couperose-gel-15ml/#breadcrumb","itemListElement":[{"@type":"ListItem","position":1,"name":"Startseite","item":"https://www.aloe-vera-cosmetic.de/en/"},{"@type":"ListItem","position":2,"name":"Shop","item":"https://www.aloe-vera-cosmetic.de/shop/"},{"@type":"ListItem","position":3,"name":"The decongestive | Couperose Gel 15ml | Calm &#038; Reflow"}]},{"@type":"WebSite","@id":"https://www.aloe-vera-cosmetic.de/en/#website","url":"https://www.aloe-vera-cosmetic.de/en/","name":"Aloe Vera Tratz","description":"Kosmetik mit Persönlichkeit","potentialAction":[{"@type":"SearchAction","target":{"@type":"EntryPoint","urlTemplate":"https://www.aloe-vera-cosmetic.de/en/?s={search_term_string}"},"query-input":{"@type":"PropertyValueSpecification","valueRequired":true,"valueName":"search_term_string"}}],"inLanguage":"en-US"}]}</script>
<!-- / Yoast SEO plugin. -->

Das Aloe Vera Tratz Couperose Gel belebt und erfrischt die Haut.Das fettfreie Spezialgel schützt und stärkt irritierte, zu Rötungen neigende Haut.

Kosmetik mit Persönlichkeit
